the second derivative of z**5/20 + 7*z**4/12 + z**3/3 + z**2/2 - 101*z + 4. Calculate t(-6).
25
Let q(y) = 9*y - 107. Let n be q(12). Let t(u) = -u. Let o(w) = -w**2 + 2*w + 5. Let h(b) = n*o(b) - 2*t(b). Determine h(4).
5
Let w(t) = -4*t - 20. Let o be w(-6). Let g(v) = o + 5 + 512*v - 518*v - 5. Determine g(6).
-32
Let n(a) = a + 66 - 2 + 70 - 132. Suppose 5*s = -8 - 2. Give n(s).
0
Suppose 265660 - 265700 = -20*c. Let b(v) be the first derivative of -v**4/2 + v**3 - v**2/2 + v + 1. What is b(c)?
-5
Let a be 1/(-2) + (-10)/(-4). Let f be (5 - a) + (-12)/(-6). Suppose -5*n + i - f*i = -31, -i - 29 = -4*n. Let h(j) = -j**2 + 5*j + 3. Give h(n).
-11
Let t(b) be the first derivative of 2*b**3/3 + 8*b**2 - 14*b - 3176. What is t(-12)?
82
Let g(q) = 5*q + 41. Let k(b) = -b - 8. Let c(m) = -2*g(m) - 11*k(m). Let n = 9 - 7. Suppose 0 = 2*u + 2*u + n*u. What is c(u)?
6
Let w(p) = -58*p + 138. Let y(k) = -20*k + 45. Let j(c) = 6*w(c) - 17*y(c). Calculate j(9).
-9
Let p = -6 + 9. Let o(q) = 6*q + 5. Let d(h) = 2*h + 2. Let j(u) = 4*u - 190. Let a be j(49). Let y(v) = a*o(v) - 17*d(v). Determine y(p).
2
Let a(j) = 6*j**2 + 28*j - 6. Let f(p) = 4*p**2 + 19*p - 4. Let d(y) = 5*a(y) - 7*f(y). Suppose -z + 4408 = -5*n + 4388, 3*n + 10 = z. Give d(n).
13
Let f(i) = i + 1. Let m(p) = -2*p**2 - 2*p + 8. Let t be m(0). Let l be ((-18)/t)/((-9)/24). Determine f(l).
7
Let j(h) = -5*h**2 + 23*h**2 + h**3 + 3*h**2 - 225*h + 262*h + 11. Give j(-19).
30
Suppose -214 = 4*n + 2. Let b = -54 - n. Suppose -2*u - 33 = 5*m - 5*u, b = -u + 1. Let g(q) = q**2 + 6*q + 4. Give g(m).
4
Let c(q) = -12*q + 42. Let j be c(3). Let m(i) = i**2 - i - 1. Let g(s) = -3*s + s**2 + 17 - s**3 - 6 - 5 + 2*s. Let w(h) = g(h) + 6*m(h). Determine w(j).
-6
Let u be (11/(-33)*10)/((-2)/6). Let t(x) = 11*x**3 + 0*x - 5 - u*x**3 + 3*x + 5*x**2 + 4. Calculate t(-3).
8
Let b be 18/12 + 3/6. Suppose 2*r + 40 = 5*v + 7*r, -r = -b*v + 4. Let o(q) = -q**2 - v*q + 0*q + q**2 + 5 - q**2. Determine o(-4).
5
Suppose -19*y + 80 = -27*y. Let d be ((-30)/12 - y)*(-4)/(-5). Let o(u) be the second derivative of -u**4/12 + u**3/3 - 2*u**2 - 6*u. Calculate o(d).
-28
Let v(q) = 13*q**2 + 8*q + 2. Let o(x) = 333*x - 3332. Let j be o(10). Give v(j).
38
Let c(g) = -g**3 + 2. Let k(n) be the second derivative of n**5/20 - n**4/2 + n**3/6 - 3*n**2 - 32*n. Let m be k(6). Calculate c(m).
2
Suppose l + 10 = 4*l + 2*v, 3*l - 2 = 2*v. Let f = 65 - 63. Let c(j) = -18*j + 0*j**3 + j**3 - 3 + 17*j + 4*j - f*j**2. What is c(l)?
3
Let r be 18/207 - (-2340)/598. Let n(z) = 20*z - 8. Give n(r).
72
Let x be (-3 - 6/(-3))/((27/9)/15). Let q(g) be the second derivative of -g**3/2 + g**2/2 - g. Determine q(x).
16
Let p(m) be the first derivative of -m**4/4 + 8*m**3/3 - 7*m**2/2 + 2*m + 107. Suppose -16 = -5*x + 5*o - 1, -3*o + 40 = 4*x. What is p(x)?
2
Let b(v) = v**2 - 8*v - 15 + 12*v + 6*v. Let m = 3495 - 3506. What is b(m)?
-4
Let w(n) = -n**2 + 11*n - 23. Let i = 6048 - 6040. Determine w(i).
1
Let m(r) = 4 - 780*r + 1557*r - r**2 - 779*r. Let f(h) = h**3 - 6*h**2 - 8*h + 3. Let o be f(7). Give m(o).
-4
Let u(l) = l**3 - 6*l**2 - 2*l - 3. Let x(j) = -320*j - 6396. Let w be x(-20). Determine u(w).
-43
Let a(k) = -k**3 - 4*k**2 - 6*k - 7. Let d be (338 + 2 + 2)*12/18. Let c = 225 - d. Calculate a(c).
2
Let p(y) = -y + 1. Let x be ((-208)/(-12) - 0) + 80/(-60). Determine p(x).
-15
Suppose -12*q + 80 = -10*q. Suppose -8*h + q = -12*h. Let y(k) = -2*k**2 - 102 + k**2 - 10*k + 98. What is y(h)?
-4
Let f be 20/(13/((-13)/(-2))). Let j be f/1 - ((-6)/(-2) - -1). Let q(t) = t - 5. What is q(j)?
1
Let p = 206 - 197. Let j(m) = -3 - 8*m - 23*m**2 - m + 79*m**2 - 27*m**2 - 28*m**2. Calculate j(p).
-3
Let u(t) = -t**3 + 14*t**2 + 2. Let k = -14 - -28. Let v be u(k). Let x(d) = d - d + 4 - 4*d + v*d. Determine x(6).
-8
Let h(z) = -z**3 + 8*z**2 + 8*z + 6. Let t be 3*(-4 + (-51)/(-9) + 0). Suppose 0 = 2*c + l - 17, -t*c - 2*l = -59 + 16. Determine h(c).
-3
Let u(o) be the second derivative of -o**4/12 + 4*o**3/3 + 7*o**2/2 - 8*o - 31. Let m = 26 + -17. Determine u(m).
-2
Let z(p) be the first derivative of p**6/120 + p**5/10 - p**4/3 - 7*p**3/6 - 2*p**2 - 5*p - 15. Let x(v) be the second derivative of z(v). Determine x(-7).
0
Let y(v) be the third derivative of v**7/5040 + 4*v**5/15 - v**4/8 - 86*v**2. Let l(h) be the third derivative of y(h). Determine l(-3).
-3
Let v be -1 + 3 + -5 + -2. Let b = -259 + 258. Let g = b - v. Let c(k) = -k**2 + 4*k - 6. Give c(g).
-6
Let v(k) = k**3 - k**2 - k + 6. Suppose -120 = -286*p + 326*p. Determine v(p).
-27
Let k(u) = 8*u - 19*u + 9 + 6 + 8*u - 16. Determine k(1).
-4
Let d(w) = 5*w**2 + 3 + 10*w**3 + 121*w + 15*w**3 - 26*w**3 + 7 - 127*w. Determine d(3).
10
Let t be (2915 - 5)/5 - 8. Let c(f) = t*f + 3 + 566*f - 1133*f + f**2 + 6 - 3. Let w(d) = -d + 1. Let x be w(6). Give c(x).
-4
Let u(q) = 1 - q + 1 + q**2 - 3 + 5. Suppose -16*p + 9*p = -161. Let a(c) = c - 20. Let w be a(p). What is u(w)?
10
Let g be (12 + -2)/(-6 + 3 - -7). Let n(y) be the first derivative of -4*y + g*y**2 - 4 - 2/3*y**3. Give n(3).
-7
Let b be 14/(-2 + 3) + 17 + -24. Let z(o) = -o**2 + 8*o + 10. Give z(b).
17
Let k(a) be the second derivative of 189*a + 0 + 9/2*a**3 + 1/2*a**2. Give k(-1).
-26
Let i(n) = -n**2 + 95 + 46*n + 70 - 30*n - 183. Determine i(7).
45
Let j(y) = -y**3 - 6*y**2 + 4. Let v = 11 - 17. Let u be j(v). Let w(o) = -o + o + 4 + 0*o - 2*o. Determine w(u).
-4
Let s(p) be the first derivative of 12*p + 1/3*p**3 - 1/4*p**4 - 171 + 1/2*p**2. What is s(0)?
12
Let z(a) = 4*a**2 - 28*a + 21. Let y be 2 - 196/(-48) - (0 + 4/48). Calculate z(y).
-3
Let l(t) = t**3 - 3*t**2 + 3*t - 2. Suppose 176 = 4*w + 5*m + 148, -3*w = -4*m + 10. Calculate l(w).
0
Let q(l) = -84*l - 76*l - 211 - 5 + 205*l. Give q(5).
9
Let y(w) = w**2 + 2*w**3 - 33976 + 33982 + 4*w - 5*w. What is y(0)?
6
Let y(j) = -7*j + 38. Let s be y(5). Let n(t) = -t**2 - 4*t + 7. Let l(c) = 5*c - 6. Let p(g) = s*l(g) + 2*n(g). Calculate p(4).
-8
Suppose -399*y - 410*y - 84 = -823*y. Let m(d) = d**3 - 5*d**2 - 8*d - 5. Determine m(y).
-17
Let a(v) = -v + 13. Let p(b) = b**3 + 10*b**2 + 3*b - 48. Let f be p(-9). What is a(f)?
7
Suppose 541 = k + 4*j + 577, 5*k + 2*j + 108 = 0. Let i(m) = -m**3 - 22*m**2 - 41*m - 28. Give i(k).
-8
Let p = -177 - -179. Let g(i) = 5 + 6*i**3 + 5*i**3 + 3*i**2 - p*i - 10*i**3. Calculate g(-4).
-3
Let g(m) = 9*m + 3. Let k(i) = -i + 5. Let q(a) = -2. Let t(v) = 6*k(v) + 14*q(v). Let z be t(-1). Let o be (3/9)/(z/(-72)). What is g(o)?
-24
Let j(p) = p**3 - 5*p**2 + 4*p + 3. Let l(m) = m**2 + 18*m + 61. Let u be l(-14). Suppose -t + 54 = u*t. Suppose -2 - 34 = -t*s. Give j(s).
3
Suppose -9*i + 0*i = 63. Let n be (5 - 11 - i)/1. Let f(l) = -l. Give f(n).
-1
Let l(b) = 13*b + 2*b**3 - 2 + 12*b + 9*b - 30*b - 4*b**2. Let c be (48/40)/((-6)/5 + 1). Let f be (-8)/24 - (14/c - 0). Give l(f).
6
Let z(s) = -4*s - 8. Let i = 294 - 184. Suppose i - 116 = 2*w. What is z(w)?
4
Suppose -2*a = -2*o - o + 2, -a = -5*o - 6. Let y(k) = k**3 + 3*k**2 + 4*k + 5. Calculate y(a).
-27
Let o(l) = l**3 - 6*l**2 - 2. Let u(h) = 5*h + 25. Let y = -43 + 32. Let d be u(y). Let s = -24 - d. What is o(s)?
-2
Let l be (-3)/(-7)*(-910)/(-390)*-17. Let t(m) = 5*m + 81. What is t(l)?
-4
Let t(m) = 3*m**2 - 29*m + 13. Let f be t(8). Let n = f + 60. Suppose -n*q + 30*q = -15. Let o(z) = 2*z - 10. Give o(q).
0
Let x(h) = -h**3 - 6*h**2 - 4*h - 31. Suppose 0 = -37*l - 43*l - 480. Give x(l).
-7
Suppose 0 = -7*u - 5*u + 2316. Let o(s) = -s + u - 383 + 195. Calculate o(6).
-1
Let d(m) = -2*m - 2*m - 2*m + 4*m. Suppose -130*n - 4*x = -125*n + 35, 30 = -5*n - 3*x. Determine d(n).
6
Let l(i) be the first derivative of 6*i**3 - 23*i**2/2 - i - 1870. Determine l(2).
25
Let v(b) be the third derivative of -b**6/10 - b**5/20 - b**4/12 + 200*b**2. Give v(-1).
11
Let y(o) = -2*o - 3*o - 1014903 + 0*o + 1014879. What is y(-4)?
-4
Let x(f) = 5*f**3 - 7*f**2 + 13*f + 18. Let z(l) = -6*l**3 + 6*l**2 - 14*l - 19. Let d(o) = -5*x(o) - 4*z(o). Let w = 5660 - 5650. Determine d(w).
-4
Let s(c) be the third derivative of 5*c**4/24 - 31*c**3/6 - c**2 - 20*c - 9. Determine s(8).
9
Let q(p) = p**3 + 13*p**2 - 15*p - 12. Suppose 18*m - 5*m = -273. Let s be (m/6)/(1/4). Give q(s).
2
Let w(r) be the third 